(x). Determine v(y).
-2
Let m(c) = c**2 + 13*c - 108. Let y be m(6). Let p(d) = -d**2 + 4*d + 6. Calculate p(y).
-6
Let b(a) be the first derivative of -a**6/120 - 7*a**5/60 - a**4/12 - 7*a**3/6 - 10*a**2 - 5. Let t(u) be the second derivative of b(u). Calculate t(-7).
7
Suppose -3*f + 16 = -4*p + f, p = -2*f - 10. Let m = p + 8. Let s(h) be the third derivative of h**5/30 - h**4/12 + h**3/2 - 3*h**2. What is s(m)?
7
Let a(y) = -y - 7. Suppose 3*w - w = -5*x - 8, 3*w + x - 14 = 0. Suppose 6*t = w - 30. What is a(t)?
-3
Suppose 14*j - 18*j = -12. Suppose -u + 5 = 4*h, 4*h + 0*u = u + j. Let c(g) = 4*g - 2. Let r(i) = i - 1. Let p(d) = 3*c(d) - 6*r(d). Determine p(h).
6
Let w(u) = -7*u**3 + u**2 + u - 1. Let m be w(-1). Let q(y) = 7 - 8 + y + 5*y**2 - 6*y**3 - m*y**2. Determine q(1).
-7
Let a(q) = q**3 - 4*q**2 + 2*q - 2. Let o = 8 - 3. Suppose -1 = 2*j - u, 0 = j + 6*u - u - o. Suppose 2*b - 8 = -4*p - j*p, -3*b - 8 = p. Give a(p).
6
Let a be (6 + -4)*3/(-6)*-12. Let o = a - 14. Let z(h) = h + 2. What is z(o)?
0
Suppose 0*l - 4*s = -l - 12, -3*s + 9 = -2*l. Suppose -5*g - 16 = 3*y, 4 = g - l*g + 3*y. Let z(b) = b**3 + 4*b**2 - 4*b - 1. Determine z(g).
-6
Let j(a) = a. Let m(f) = -2*f - 1. Let b(y) = -3*j(y) - m(y). Let u(x) = 4*x - 1. Let g(t) = -2*b(t) - u(t). What is g(3)?
-7
Suppose -2*v + 9 = 4*o + o, -3*o + 2*v - 1 = 0. Let f(t) = -9*t**2 - t. Give f(o).
-10
Suppose 2*h + 14 = 2*q, 4*q - h = -0*q + 28. Let s(f) = -f + 9. Calculate s(q).
2
Let k(o) be the first derivative of -o**4/24 + 11*o**2/2 - 11. Let c(l) be the second derivative of k(l). What is c(-3)?
3
Let w be 0*2/8 + (2 - 5). Let v(l) = 6*l + 7 + l - 6*l. Give v(w).
4
Let h(f) = -2*f**3 - f**2 - 3*f - 1. Let g be (((-24)/10)/(-3))/((-2)/(-10)). Suppose 0*v = 2*v - g, 0 = 5*o - v + 12. Give h(o).
17
Let h(l) = -l**3 - 51*l + 5 - 3*l**2 + 2*l**2 + 48*l - 7*l**2. Determine h(-8).
29
Let f(s) = 3*s + 82. Let z be f(-30). Let q(i) = i**3 + 7*i**2 - 8*i - 3. What is q(z)?
-3
Let y(v) = -4*v - 56. Let x = -1230 - -1218. Give y(x).
-8
Let v(p) = -488*p - 491*p + 980*p + 9. Determine v(-5).
4
Let v(g) = 9*g**2 - 18*g + 7. Let o(u) = 16*u**2 - 34*u + 14. Let d(t) = 4*o(t) - 7*v(t). What is d(7)?
-14
Let f(x) = -x - 30. Let l be f(-33). Let w(q) = -5*q + 1. What is w(l)?
-14
Let l(g) be the second derivative of g**5/20 + 3*g**4/4 + 7*g**3/6 - 4*g**2 - 16*g. Calculate l(-8).
0
Let a(b) = b**2 - 3*b + 6. Let u(f) = f**2 + 9*f - 6. Let g be u(-10). Suppose -3*j - 4*p + 35 = 0, 3*p - 1 = -j + g. Suppose -5 = 3*k - j. What is a(k)?
10
Suppose 0 = -39*d + 43*d - 132. Suppose 0 = 10*q - d + 3. Let n(i) = -2*i**2 + 2*i - 2. Calculate n(q).
-14
Suppose v - 11 = -3. Let w(j) = j - 14. Determine w(v).
-6
Let w(x) = -2 + 47*x + 3 + 44*x - 84*x. Determine w(-3).
-20
Let m(s) = -s**3 - 10*s**2 + 4*s**2 + 6 + s - 4*s**2. What is m(-10)?
-4
Let s(i) be the third derivative of -3*i**4/8 + i**3/3 + 134*i**2. What is s(1)?
-7
Let j(b) = 2*b + 3. Let o(i) = -2*i + 8. Let v be o(2). Suppose 0 = -v*x + 2 - 10. What is j(x)?
-1
Suppose 0*q - 2*q = -4. Let n(o) be the first derivative of -o**4/4 + 3*o**2/2 - 3*o - 10. Give n(q).
-5
Let s(p) = p**3 - 6*p**2 - 2*p + 6. Let w(j) = -j**3 + 12*j**2 - 11*j + 6. Suppose 17 = -3*m + 50. Let a be w(m). Calculate s(a).
-6
Let f(b) be the third derivative of 0*b - 5/24*b**4 - 1/2*b**3 - 1/60*b**5 + 0 + 4*b**2. Determine f(-5).
-3
Let y(t) = 2*t**2 + 3*t - 1. Let b(h) be the second derivative of h**5/20 - h**4/2 + 4*h**3/3 - 7*h**2/2 - 6*h. Let r be b(5). Let d = -11 + r. What is y(d)?
8
Let t(q) be the third derivative of 1/6*q**4 + 0 + 0*q**3 - 46*q**2 + 0*q. What is t(-3)?
-12
Let j(y) = -y - 8. Let m(d) be the third derivative of -d**4/24 - d**3 - 61*d**2 + 1. Suppose 0 = 3*v + 2*v. Let x be m(v). Calculate j(x).
-2
Let r(f) = f**3 - 8*f**2 + 8*f + 2. Let s(t) = 8*t**2 + 2*t - 3. Let b be s(1). Calculate r(b).
9
Let w be (54/42)/(-3) - 30/(-21). Let u(p) = 11*p**3 - p**2 + 1. Give u(w).
11
Let i(h) = 4 - 4 - 5 - 3*h + h. Give i(-6).
7
Let k be (-237)/(-33) - (-8)/(-44). Let q(d) = -d**3 + d**2 - k*d - 8*d + 19*d. Let m = -25 - -28. Calculate q(m).
-6
Let a(x) = -x**3 - 7*x**2 + 2*x + 8. Let f be 1*-3*(-56)/(-24). Give a(f).
-6
Let y(s) = -5*s**2 + 9*s + 7. Let o(t) = -t**2 + 4*t + 1. Let z(h) = 4*o(h) - y(h). Calculate z(-7).
-3
Let k(d) = -d**3 + 24*d**2 + 25*d + 11. Let t be k(25). Suppose 4*v + t = -7*v. Let m(z) = 9*z**2 + z. Give m(v).
8
Let s(a) = 2*a**3 + 5 - 2*a + 4*a**2 + 2*a**3 - 3*a**3. Suppose 0 = -u - 6*u - 42. Let x be 34/u + (-2)/(-3). Calculate s(x).
-10
Let q(r) be the first derivative of -2*r**2 - r + 3. Let g be 1/((-14)/(-52)) + 44/154. Suppose -12 = -8*t + 6*t - g*k, 22 = -3*t + 2*k. Give q(t).
15
Let b = -255 - -248. Let j(n) = -n - 14. Determine j(b).
-7
Let h(k) = -k - 4. Let n be -9*(-6)/2 - -3. Suppose -5*w = t + n, 7*t - 2*t = -w - 6. Calculate h(w).
2
Let s(c) = -19*c - 39. Let f(t) = -5*t - 10. Let p(u) = 22*f(u) - 6*s(u). Let k be p(-4). Let b(z) = z**3 - z**2 + z - 1. Calculate b(k).
-15
Let u be (-32)/544 + 342/34. Let r(x) = 10*x - 7 + x**2 + 1 - x**3 + 8*x**2. Determine r(u).
-6
Let o be 10 - (8 - 0)/4. Let y(k) = 21*k**2 + 24*k**2 + 6*k + 3*k - 46*k**2 - 10. Calculate y(o).
-2
Let q = -66 - -68. Let p(n) = -32*n - q*n**2 - 10 + 23*n + n**3 + 8*n**2. Give p(-7).
4
Let p(n) = 11*n**3 + 18*n**2 + 2*n - 50. Let x(g) = 5*g**3 + 9*g**2 + g - 24. Let o(c) = 6*p(c) - 13*x(c). Give o(9).
3
Let x(y) = -4*y + 24*y**2 - 18*y**2 + 1 + 2*y. Give x(1).
5
Let h(z) = z - 6. Suppose -5 = -5*w, -w - 1 = p - 2*p. Let c(u) = -u + 3. Let m be c(-3). Let g(d) = 2. Let s(k) = m*g(k) + p*h(k). What is s(-5)?
-10
Let u(v) = 5*v + 31. Let o be u(-9). Let s(f) = f**3 + 15*f**2 + 14*f - 3. What is s(o)?
-3
Let k(s) = 4*s + 4. Let f(b) = -5*b - 5. Let r(p) = -3*f(p) - 4*k(p). Let x(v) = -5*v**2. Let i be 4/(-14) - (-5)/(-7). Let q be x(i). Calculate r(q).
4
Let r(u) = -u + 22. Suppose -w + 14 = 52*o - 54*o, -o + 5*w = 25. What is r(o)?
27
Let f(s) = 3*s - 5 + 3*s - 13*s + 10*s. What is f(-6)?
-23
Let f(v) = -27*v - 87. Let t be f(-3). Let y(o) = o + 11. Calculate y(t).
5
Suppose 412 - 418 = 2*z. Let c(r) = -7*r + 1. Give c(z).
22
Let r(o) = 17*o + 6*o - 9*o - 81. Give r(6).
3
Let c(r) = 4*r - 1. Let b = 140 - 84. Suppose o - b + 57 = 0. What is c(o)?
-5
Let l = 31 - 37. Let c be -10 - ((-8)/(-4) + l). Let p(y) = 0*y**2 - 6*y - 3*y**3 + 4*y**3 - 4 + 5*y**2. What is p(c)?
-4
Let p be 285/380*1*8. Let b(t) = 2*t - 14. What is b(p)?
-2
Let z(w) = -33 + 4*w + 34 + w - 2*w. Let a(n) = -n**2 + 6. Let f be a(-3). Determine z(f).
-8
Let m = -25 - 1. Let u = m - -26. Suppose 4*k + 2*k = u. Let n(d) = -d**2 - d + 1. Give n(k).
1
Let j(c) be the third derivative of -7*c**2 + 2/3*c**3 + 5/24*c**4 - 1/60*c**5 + 0*c + 0. Calculate j(5).
4
Let k(p) be the second derivative of -p**3/3 - 2*p**2 + p. Let a be 9/((18/8)/(162/(-108))). Determine k(a).
8
Let x(r) = r**3 - 1. Let w(k) = -4*k**3 + 9*k**2 + 9*k + 6. Let h(q) = -w(q) - 5*x(q). Give h(-8).
7
Let b(i) = -3*i + 6. Let m be b(-6). Suppose -p = 3*t + t + 20, 0 = 4*p + 2*t + m. Let o(g) = -g**3 - 6*g**2 - 6*g - 1. Give o(p).
-9
Let z(p) = p. Let o(h) = 4*h**2 - 4*h - 1. Let d(f) = -7*f**2 + 8*f + 1. Let y(m) = -3*d(m) - 5*o(m). Let w(t) = y(t) + 6*z(t). Determine w(-2).
2
Let z(j) be the third derivative of j**5/30 - j**4/8 - 2*j**3/3 - j**2. Suppose -3*l - 5*c - 24 = 0, -5*c = 2*l - l + 18. Determine z(l).
23
Let l(s) = 3*s**2 + 4*s + 6. Let d(p) = 2*p**2 - p - 1. Let b(z) = -2*d(z) + l(z). Determine b(4).
16
Let m(g) = 4*g**3 + 3*g**2 + 7*g - 5. Let b(a) = -3*a**3 - 4*a**2 - 6*a + 5. Let v(y) = 3*b(y) + 2*m(y). Give v(-6).
29
Let b(y) = -y**2 - 20*y + 33. Suppose 41*r - 15*r = -546. Determine b(r).
12
Let w(p) = -p**3 + 2*p**2 - p. Suppose -4*r - 2*j + 30 = -0*j, r - 30 = -5*j. Suppose 4*c = -2*v + 50, -r*c + 24 + 39 = 2*v. Let z = c - 12. What is w(z)?
0
Let g = 25 + -13. Suppose -c + 4*c = g. Let r(b) = -b + 5. Let q(z) = 2*z - 7. Let o(h) = -5*q(h) - 8*r(h). What is o(c)?
-13
Let x(k) be the first derivative of -11 + 15/2*k**2 + 0*k. Let h be (-4)/14 + (-5)/7. Calculate x(h).
-15
Let u(l) be the first derivative of l**3 - 3*l**2/2 + 862. What is u(4)?
36
Let g = 32 - 33. Let b(f) = 13*f**2. What is b(g)?
13
Let u(o) = -1 -